[INFO] cloning repository https://github.com/DarthStrom/WalkingSkeleton
[INFO] running `Command { std: "git" "-c" "credential.helper=" "-c" "credential.helper=/workspace/cargo-home/bin/git-credential-null" "clone" "--bare" "https://github.com/DarthStrom/WalkingSkeleton" "/workspace/cache/git-repos/https%3A%2F%2Fgithub.com%2FDarthStrom%2FWalkingSkeleton", kill_on_drop: false }`
[INFO] [stderr] Cloning into bare repository '/workspace/cache/git-repos/https%3A%2F%2Fgithub.com%2FDarthStrom%2FWalkingSkeleton'...
[INFO] running `Command { std: "git" "rev-parse" "HEAD", kill_on_drop: false }`
[INFO] [stdout] d1de1ec216974f3921384b111df6d219120b6de2
[INFO] checking DarthStrom/WalkingSkeleton against try#72f88fc4e9458f89516a0b8b0868f3718aec5b47 for pr-74989
[INFO] running `Command { std: "git" "clone" "/workspace/cache/git-repos/https%3A%2F%2Fgithub.com%2FDarthStrom%2FWalkingSkeleton" "/workspace/builds/worker-3/source", kill_on_drop: false }`
[INFO] [stderr] Cloning into '/workspace/builds/worker-3/source'...
[INFO] [stderr] done.
[INFO] validating manifest of git repo https://github.com/DarthStrom/WalkingSkeleton on toolchain 72f88fc4e9458f89516a0b8b0868f3718aec5b47
[INFO] running `Command { std: "/workspace/cargo-home/bin/cargo" "+72f88fc4e9458f89516a0b8b0868f3718aec5b47" "read-manifest" "--manifest-path" "Cargo.toml", kill_on_drop: false }`
[INFO] started tweaking git repo https://github.com/DarthStrom/WalkingSkeleton
[INFO] finished tweaking git repo https://github.com/DarthStrom/WalkingSkeleton
[INFO] tweaked toml for git repo https://github.com/DarthStrom/WalkingSkeleton written to /workspace/builds/worker-3/source/Cargo.toml
[INFO] crate git repo https://github.com/DarthStrom/WalkingSkeleton already has a lockfile, it will not be regenerated
[INFO] running `Command { std: "/workspace/cargo-home/bin/cargo" "+72f88fc4e9458f89516a0b8b0868f3718aec5b47" "fetch" "--locked" "--manifest-path" "Cargo.toml", kill_on_drop: false }`
[INFO] running `Command { std: "docker" "create" "-v" "/var/lib/crater-agent-workspace/builds/worker-3/target:/opt/rustwide/target:rw,Z" "-v" "/var/lib/crater-agent-workspace/builds/worker-3/source:/opt/rustwide/workdir:ro,Z" "-v" "/var/lib/crater-agent-workspace/cargo-home:/opt/rustwide/cargo-home:ro,Z" "-v" "/var/lib/crater-agent-workspace/rustup-home:/opt/rustwide/rustup-home:ro,Z" "-e" "SOURCE_DIR=/opt/rustwide/workdir" "-e" "CARGO_TARGET_DIR=/opt/rustwide/target" "-e" "CARGO_HOME=/opt/rustwide/cargo-home" "-e" "RUSTUP_HOME=/opt/rustwide/rustup-home" "-w" "/opt/rustwide/workdir" "-m" "1610612736" "--user" "0:0" "--network" "none" "rustops/crates-build-env@sha256:d92eaeed33fa75130ca1ee6c8a01d1ffb62bac859dfdfb3450e3e5d1c0146529" "/opt/rustwide/cargo-home/bin/cargo" "+72f88fc4e9458f89516a0b8b0868f3718aec5b47" "metadata" "--no-deps" "--format-version=1", kill_on_drop: false }`
[INFO] [stdout] 2b851c0b1cf5d9ced6ed710356559dc8fbe5562083bd7623e0d32b7dec42c2ef
[INFO] [stderr] WARNING: Your kernel does not support swap limit capabilities or the cgroup is not mounted. Memory limited without swap.
[INFO] running `Command { std: "docker" "start" "-a" "2b851c0b1cf5d9ced6ed710356559dc8fbe5562083bd7623e0d32b7dec42c2ef", kill_on_drop: false }`
[INFO] running `Command { std: "docker" "inspect" "2b851c0b1cf5d9ced6ed710356559dc8fbe5562083bd7623e0d32b7dec42c2ef", kill_on_drop: false }`
[INFO] running `Command { std: "docker" "rm" "-f" "2b851c0b1cf5d9ced6ed710356559dc8fbe5562083bd7623e0d32b7dec42c2ef", kill_on_drop: false }`
[INFO] [stdout] 2b851c0b1cf5d9ced6ed710356559dc8fbe5562083bd7623e0d32b7dec42c2ef
[INFO] running `Command { std: "docker" "create" "-v" "/var/lib/crater-agent-workspace/builds/worker-3/target:/opt/rustwide/target:rw,Z" "-v" "/var/lib/crater-agent-workspace/builds/worker-3/source:/opt/rustwide/workdir:ro,Z" "-v" "/var/lib/crater-agent-workspace/cargo-home:/opt/rustwide/cargo-home:ro,Z" "-v" "/var/lib/crater-agent-workspace/rustup-home:/opt/rustwide/rustup-home:ro,Z" "-e" "SOURCE_DIR=/opt/rustwide/workdir" "-e" "CARGO_TARGET_DIR=/opt/rustwide/target" "-e" "CARGO_INCREMENTAL=0" "-e" "RUST_BACKTRACE=full" "-e" "RUSTFLAGS=--cap-lints=forbid" "-e" "CARGO_HOME=/opt/rustwide/cargo-home" "-e" "RUSTUP_HOME=/opt/rustwide/rustup-home" "-w" "/opt/rustwide/workdir" "-m" "1610612736" "--user" "0:0" "--network" "none" "rustops/crates-build-env@sha256:d92eaeed33fa75130ca1ee6c8a01d1ffb62bac859dfdfb3450e3e5d1c0146529" "/opt/rustwide/cargo-home/bin/cargo" "+72f88fc4e9458f89516a0b8b0868f3718aec5b47" "check" "--frozen" "--all" "--all-targets" "--message-format=json", kill_on_drop: false }`
[INFO] [stdout] 5faf3915e7a084bcda33d557646b156d34ffd65d2e84458d775fcd82bd1bf56e
[INFO] [stderr] WARNING: Your kernel does not support swap limit capabilities or the cgroup is not mounted. Memory limited without swap.
[INFO] running `Command { std: "docker" "start" "-a" "5faf3915e7a084bcda33d557646b156d34ffd65d2e84458d775fcd82bd1bf56e", kill_on_drop: false }`
[INFO] [stderr]     Checking cfg-if v0.1.10
[INFO] [stderr]    Compiling libc v0.2.66
[INFO] [stderr]    Compiling autocfg v1.0.0
[INFO] [stderr]    Compiling autocfg v0.1.7
[INFO] [stderr]     Checking lazy_static v1.4.0
[INFO] [stderr]    Compiling semver-parser v0.7.0
[INFO] [stderr]    Compiling byteorder v1.3.4
[INFO] [stderr]     Checking scopeguard v1.0.0
[INFO] [stderr]    Compiling memchr v2.3.0
[INFO] [stderr]    Compiling bitflags v1.2.1
[INFO] [stderr]    Compiling crc32fast v1.2.0
[INFO] [stderr]    Compiling log v0.4.8
[INFO] [stderr]     Checking either v1.5.3
[INFO] [stderr]     Checking ppv-lite86 v0.2.6
[INFO] [stderr]     Checking lzw v0.10.0
[INFO] [stderr]     Checking color_quant v1.0.1
[INFO] [stderr]     Checking quick-error v1.2.3
[INFO] [stderr]     Checking regex-syntax v0.6.13
[INFO] [stderr]     Checking termcolor v1.1.0
[INFO] [stderr]     Checking bytemuck v1.2.0
[INFO] [stderr]     Checking scoped_threadpool v0.1.9
[INFO] [stderr]    Compiling rayon-core v1.7.0
[INFO] [stderr]     Checking inflate v0.4.5
[INFO] [stderr]     Checking miniz_oxide v0.3.6
[INFO] [stderr]     Checking thread_local v1.0.1
[INFO] [stderr]     Checking humantime v1.3.0
[INFO] [stderr]     Checking gif v0.10.3
[INFO] [stderr]    Compiling semver v0.9.0
[INFO] [stderr]     Checking c2-chacha v0.2.3
[INFO] [stderr]    Compiling num-traits v0.2.11
[INFO] [stderr]    Compiling num-integer v0.1.42
[INFO] [stderr]    Compiling num-rational v0.2.3
[INFO] [stderr]    Compiling num-iter v0.1.40
[INFO] [stderr]    Compiling crossbeam-utils v0.7.0
[INFO] [stderr]    Compiling crossbeam-epoch v0.8.0
[INFO] [stderr]    Compiling rustc_version v0.2.3
[INFO] [stderr]     Checking aho-corasick v0.7.6
[INFO] [stderr]     Checking deflate v0.7.20
[INFO] [stderr]     Checking tiff v0.4.0
[INFO] [stderr]    Compiling memoffset v0.5.3
[INFO] [stderr]     Checking crossbeam-queue v0.2.1
[INFO] [stderr]     Checking num_cpus v1.12.0
[INFO] [stderr]     Checking getrandom v0.1.14
[INFO] [stderr]     Checking atty v0.2.14
[INFO] [stderr]     Checking rand_core v0.5.1
[INFO] [stderr]     Checking png v0.15.3
[INFO] [stderr]     Checking rand_chacha v0.2.1
[INFO] [stderr]     Checking rand v0.7.3
[INFO] [stderr]     Checking crossbeam-deque v0.7.2
[INFO] [stderr]     Checking rayon v1.3.0
[INFO] [stderr]     Checking regex v1.3.3
[INFO] [stderr]     Checking env_logger v0.7.1
[INFO] [stderr]     Checking jpeg-decoder v0.1.18
[INFO] [stderr]     Checking image v0.23.0
[INFO] [stderr]     Checking walking-skeleton v0.1.0 (/opt/rustwide/workdir)
[INFO] [stdout] error[E0433]: failed to resolve: use of undeclared type or module `winapi`
[INFO] [stdout]  --> src/bin/../common.rs:4:5
[INFO] [stdout]   |
[INFO] [stdout] 4 | use winapi::ctypes::c_void;
[INFO] [stdout]   |     ^^^^^^ use of undeclared type or module `winapi`
[INFO] [stdout] 
[INFO] [stdout] 
[INFO] [stdout] error[E0433]: failed to resolve: use of undeclared type or module `winapi`
[INFO] [stdout]  --> src/bin/../common.rs:4:5
[INFO] [stdout]   |
[INFO] [stdout] 4 | use winapi::ctypes::c_void;
[INFO] [stdout]   |     ^^^^^^ use of undeclared type or module `winapi`
[INFO] [stdout] 
[INFO] [stdout] 
[INFO] [stdout] error[E0433]: failed to resolve: use of undeclared type or module `winapi`
[INFO] [stdout]  --> src/common.rs:4:5
[INFO] [stdout]   |
[INFO] [stdout] 4 | use winapi::ctypes::c_void;
[INFO] [stdout]   |     ^^^^^^ use of undeclared type or module `winapi`
[INFO] [stdout] 
[INFO] [stdout] 
[INFO] [stdout] error[E0433]: failed to resolve: use of undeclared type or module `winapi`
[INFO] [stdout]  --> src/common.rs:4:5
[INFO] [stdout]   |
[INFO] [stdout] 4 | use winapi::ctypes::c_void;
[INFO] [stdout]   |     ^^^^^^ use of undeclared type or module `winapi`
[INFO] [stdout] 
[INFO] [stdout] 
[INFO] [stdout] error[E0412]: cannot find type `c_void` in this scope
[INFO] [stdout]   --> src/common.rs:79:22
[INFO] [stdout]    |
[INFO] [stdout] 79 |     pub memory: *mut c_void,
[INFO] [stdout]    |                      ^^^^^^ not found in this scope
[INFO] [stdout]    |
[INFO] [stdout] help: consider importing one of these items
[INFO] [stdout]    |
[INFO] [stdout] 3  | use core::ffi::c_void;
[INFO] [stdout]    |
[INFO] [stdout] 3  | use std::os::raw::c_void;
[INFO] [stdout]    |
[INFO] [stdout] 
[INFO] [stdout] 
[INFO] [stdout] error[E0433]: failed to resolve: use of undeclared type or module `os`
[INFO] [stdout]   --> src/bin/main.rs:15:5
[INFO] [stdout]    |
[INFO] [stdout] 15 |     os::main();
[INFO] [stdout]    |     ^^ use of undeclared type or module `os`
[INFO] [stdout] 
[INFO] [stdout] 
[INFO] [stdout] error[E0412]: cannot find type `c_void` in this scope
[INFO] [stdout]   --> src/bin/../common.rs:79:22
[INFO] [stdout]    |
[INFO] [stdout] 79 |     pub memory: *mut c_void,
[INFO] [stdout]    |                      ^^^^^^ not found in this scope
[INFO] [stdout]    |
[INFO] [stdout] help: consider importing one of these items
[INFO] [stdout]    |
[INFO] [stdout] 3  | use core::ffi::c_void;
[INFO] [stdout]    |
[INFO] [stdout] 3  | use std::os::raw::c_void;
[INFO] [stdout]    |
[INFO] [stdout] 
[INFO] [stdout] 
[INFO] [stdout] error[E0412]: cannot find type `c_void` in this scope
[INFO] [stdout]   --> src/common.rs:79:22
[INFO] [stdout]    |
[INFO] [stdout] 79 |     pub memory: *mut c_void,
[INFO] [stdout]    |                      ^^^^^^ not found in this scope
[INFO] [stdout]    |
[INFO] [stdout] help: consider importing one of these items
[INFO] [stdout]    |
[INFO] [stdout] 3  | use core::ffi::c_void;
[INFO] [stdout]    |
[INFO] [stdout] 3  | use std::os::raw::c_void;
[INFO] [stdout]    |
[INFO] [stdout] 
[INFO] [stdout] 
[INFO] [stdout] error[E0433]: failed to resolve: use of undeclared type or module `os`
[INFO] [stdout]   --> src/bin/main.rs:15:5
[INFO] [stdout]    |
[INFO] [stdout] 15 |     os::main();
[INFO] [stdout]    |     ^^ use of undeclared type or module `os`
[INFO] [stdout] 
[INFO] [stdout] 
[INFO] [stdout] error[E0412]: cannot find type `c_void` in this scope
[INFO] [stdout]   --> src/bin/../common.rs:79:22
[INFO] [stdout]    |
[INFO] [stdout] 79 |     pub memory: *mut c_void,
[INFO] [stdout]    |                      ^^^^^^ not found in this scope
[INFO] [stdout]    |
[INFO] [stdout] help: consider importing one of these items
[INFO] [stdout]    |
[INFO] [stdout] 3  | use core::ffi::c_void;
[INFO] [stdout]    |
[INFO] [stdout] 3  | use std::os::raw::c_void;
[INFO] [stdout]    |
[INFO] [stdout] 
[INFO] [stdout] 
[INFO] [stdout] error: aborting due to 3 previous errors
[INFO] [stdout] 
[INFO] [stdout] 
[INFO] [stdout] Some errors have detailed explanations: E0412, E0433.
[INFO] [stdout] 
[INFO] [stdout] For more information about an error, try `rustc --explain E0412`.
[INFO] [stdout] 
[INFO] [stderr] error: could not compile `walking-skeleton`.
[INFO] [stderr] 
[INFO] [stderr] To learn more, run the command again with --verbose.
[INFO] [stderr] warning: build failed, waiting for other jobs to finish...
[INFO] [stdout] error: aborting due to 2 previous errors
[INFO] [stdout] 
[INFO] [stdout] 
[INFO] [stdout] Some errors have detailed explanations: E0412, E0433.
[INFO] [stdout] 
[INFO] [stdout] For more information about an error, try `rustc --explain E0412`.
[INFO] [stdout] 
[INFO] [stdout] error: aborting due to 3 previous errors
[INFO] [stdout] 
[INFO] [stdout] 
[INFO] [stdout] Some errors have detailed explanations: E0412, E0433.
[INFO] [stdout] 
[INFO] [stdout] For more information about an error, try `rustc --explain E0412`.
[INFO] [stdout] 
[INFO] [stdout] error: aborting due to 2 previous errors
[INFO] [stdout] 
[INFO] [stdout] 
[INFO] [stdout] Some errors have detailed explanations: E0412, E0433.
[INFO] [stdout] 
[INFO] [stdout] For more information about an error, try `rustc --explain E0412`.
[INFO] [stdout] 
[INFO] [stderr] error: build failed
[INFO] running `Command { std: "docker" "inspect" "5faf3915e7a084bcda33d557646b156d34ffd65d2e84458d775fcd82bd1bf56e", kill_on_drop: false }`
[INFO] running `Command { std: "docker" "rm" "-f" "5faf3915e7a084bcda33d557646b156d34ffd65d2e84458d775fcd82bd1bf56e", kill_on_drop: false }`
[INFO] [stdout] 5faf3915e7a084bcda33d557646b156d34ffd65d2e84458d775fcd82bd1bf56e
